 - -475018. Is i prime?
False
Let c = 1732287 - 944314. Is c composite?
False
Let v(k) = 195*k**2 + 1114*k + 27. Is v(-22) a composite number?
False
Let s = -148 - -68. Let j = 88 + s. Suppose j*r + 0*r = 1528. Is r prime?
True
Let a be 534/15 - 18/30. Suppose 2*d - 7*d = a. Is (2/4)/(d/(-6846)) prime?
False
Suppose 5*d - 16112 - 39883 = 5*j, 0 = -5*d + 4*j + 55995. Suppose q + t + t - d = 0, 0 = t + 5. Is q a prime number?
False
Let k(y) = 24*y - 71. Let l be k(3). Let n(i) = 3066*i**3 - i**2 + 3*i - 3. Is n(l) composite?
True
Is 5210058/(-476)*4/(-6) prime?
True
Suppose 3*x + 5 = 413. Suppose -4*g = 120 - x. Suppose g*s - 6625 = 3*c, -s + 1663 = 4*c + 2. Is s prime?
True
Suppose 2*j + 0 = 4. Let q(c) = 19*c - 101. Let r be q(5). Is 4/8*1388 + r/j prime?
True
Let k = 328 - 169. Suppose -c - 3*q - k = 0, -3*q - q + 588 = -4*c. Let i = 203 - c. Is i a prime number?
True
Suppose 2*x + 11 = 1. Let h(k) = -40*k**2 + 4*k - 26. Let r(d) = 40*d**2 - 2*d + 25. Let c(b) = 4*h(b) + 5*r(b). Is c(x) prime?
True
Let d be 5 + 48/(-2) - -6. Let s(i) = 24*i**2 - 16*i + 18. Is s(d) prime?
False
Let n be -20*(3 + -1 - (-9 + 7)). Let r = n + 160. Let j = r - 49. Is j a composite number?
False
Suppose -5*g = -23 + 43, -2*g + 171428 = 4*t. Is t a composite number?
False
Suppose z - a - a - 1 = 0, -3*z + 2 = -5*a. Let f be (z + (-20)/(-8))*1784/12. Suppose f = 7*p - 6*p. Is p prime?
True
Let l be (3*-31)/3 - 1. Let g = l + 34. Suppose -4*p = 4*a - 436, 436 = 4*a + g*p - p. Is a a composite number?
False
Let n be (-3)/(-5) - 66/(-15). Suppose -4*w = -4*t + 2*t - 338, -n*w + 400 = 5*t. Is w prime?
True
Let y(p) = -p**3 - 13*p**2 + 8*p + 22. Let j be 20*(-4)/4 - (-7 - -1). Is y(j) composite?
True
Let k be 319671/90 - (-2)/20. Let l = k + -737. Is l a composite number?
True
Let r = 276558 - 170807. Is r a prime number?
True
Suppose -41 - 40 = -4*a + 5*v, -4*a - 5*v + 31 = 0. Let b be 15 - a - 4*1. Let o(f) = 14*f**2 + 6*f + 19. Is o(b) prime?
True
Let q = -63225 + 90368. Is q prime?
True
Suppose -2*p + 5*p = 4*f - 13254, -4*p + 8 = 0. Suppose -24*d - f = -29*d. Suppose 5*r - 3*r = 3*c - d, -4*r + 12 = 0. Is c a prime number?
True
Let g be (-7)/8 - (155/(-40) + 4). Is (-17)/4*24/2*g prime?
False
Let g = 81 - 77. Is ((-234280)/(-20))/(g + -2) a prime number?
True
Let d(i) be the first derivative of -i**4/4 - i**3 + 13*i**2/2 - 4*i + 21. Let g = -7 - 2. Is d(g) prime?
False
Let u(q) = -7*q + 71. Let i be u(10). Is 1923/(i + (-1)/4*0) composite?
True
Let z(j) = -8*j - 34. Let q be z(-5). Let c be (-14)/7 - (q - (-2)/(-1)). Is ((-9)/c)/((-9)/(-1902)) a composite number?
False
Let k(x) = 4*x**3 + 8*x**2 + 27*x + 1. Let m = -47 + 59. Is k(m) a composite number?
False
Let u = -9202 - -17009. Is u a composite number?
True
Let x = 24 - 47. Let i = 25 + x. Suppose -i*d + 3*d - 1541 = 0. Is d a prime number?
False
Suppose -2883 - 9607 = -3*h + 2*b, 4*h = -4*b + 16620. Suppose 4*y - 3*s - 6047 = 0, 2*y - h + 1142 = -4*s. Is y a prime number?
True
Let i(w) = 10*w**3 - 20*w**2 + 11*w - 15. Let q be i(17). Suppose -3*r - q = -2*d, -2*d + 7658 = r - 35880. Is d a composite number?
False
Let j be (10/(-3) + 3)*0. Let z be (4 - j) + -4 - -5990. Suppose 3*g - z = -2*g + 5*d, 3*d + 4793 = 4*g. Is g prime?
False
Suppose -7*o + 0*o + 21 = 0. Suppose o*a = -2*p + 473, 0 = 3*a - 2*a + 5*p - 136. Is a a composite number?
True
Let i(g) be the first derivative of 21*g**2/2 + 2171*g - 10. Is i(0) composite?
True
Let n(p) = -5 + 2 + p - 5 + 4. Let c be n(16). Is 1/4 + ((-23685)/c)/(-5) a prime number?
False
Suppose 0 = 96*k - 26*k - 175210. Is k a prime number?
True
Is ((-24154)/3)/(-1) - 160/(-96) prime?
True
Suppose 0 = -2*y - 4*z + 2*z + 2, 3*z = y - 9. Let f be 978/(-4)*((-2)/(-5) - (-432)/(-180)). Suppose 2*t - f = 3*c, -212 = -y*t + 2*t - 5*c. Is t prime?
False
Let a(g) = 9517*g + 11476. Is a(25) a prime number?
False
Let o be ((-6)/3)/(8/(-39728)). Suppose -66 = -5*p - 3*a, 3*p - 2*a - 36 = p. Is o/20 + 6/p a prime number?
False
Suppose -6 = c, 2*k + 67*c - 68*c - 40544 = 0. Is k composite?
False
Let v = 3855 + -2189. Suppose 8812 = 18*t + v. Is t prime?
True
Suppose -19*u + 785519 + 795490 = -6473528. Is u a prime number?
False
Let k be -1 + ((-18)/(-6))/3 + 1645. Let d(f) = -739*f + 1. Let a be d(1). Let x = k + a. Is x composite?
False
Suppose 0 = -5*x - k - 77 - 24, 0 = -4*x + 3*k - 96. Is (-6146)/x + (4/(-3))/(-4) a prime number?
True
Let n = -45607 + 162876. Is n prime?
True
Let c(m) = -2747*m + 126. Suppose 47 - 83 = 9*j. Is c(j) a composite number?
True
Is ((-28)/(-63))/(2/35703) composite?
True
Suppose -5*k + 85 = z - 0*k, 340 = 4*z + k. Is ((-799)/z)/((-1)/955) prime?
False
Let m be 2 - 11/((-55)/(-350)). Let d be 1*(44*m + -1). Let b = -2038 - d. Is b a prime number?
False
Let k = -16 - -19. Suppose -845 = -k*b + 5500. Let t = b + -964. Is t composite?
False
Suppose -8*g + 401907 = -2849333. Is g a prime number?
False
Let o = -345 + 346. Is (o/(-3))/((-8)/51672) a prime number?
True
Let z = 55465 + 82584. Is z prime?
False
Suppose 0 = -2*w + 46 + 8. Let p = 30 - w. Is 8/6 + -1 + 4754/p composite?
True
Let n be 317/3 + (-9)/(-27). Suppose -2*j + 168 = -n. Let a = -34 + j. Is a a prime number?
True
Suppose -4*x = -2*r + 587354, 0 = 17*x - 19*x. Is r composite?
False
Suppose b - 3*n - 28216 = 0, 84688 = 3*b - n - 0*n. Suppose 3*a + 3*j = 6*j + 16929, -5*a + j + b = 0. Is a a composite number?
False
Is (-226849)/(-46)*(-2)/(-7) a prime number?
True
Let t = 1145 - 1930. Let u = 470 - t. Is u a prime number?
False
Let i be (-2*4)/(-1 + (-37650)/(-37662)). Let k = i - 9681. Is k composite?
False
Let n(t) = 1993*t**2 + 2*t + 2. Let x be 20/(-4) - 2 - -6. Is n(x) prime?
True
Suppose -62*o + 169420 = 4*a - 56*o, 0 = 3*a - 5*o - 127103. Is a prime?
False
Let n(l) = 4454*l**2 + 53*l + 7. Let w be n(4). Let i = w - 49864. Is i composite?
True
Let w = 2887279 + -2041848. Is w a composite number?
False
Is (-28)/3*((-43065)/116 + 12) prime?
False
Suppose -3*h = 15, 17 = -n - 11*h + 7*h. Let z(c) = 651*c**2 - 8*c - 2. Is z(n) prime?
False
Let h(i) = -i. Let k(x) be the first derivative of 136*x**3/3 - 3*x**2/2 + 10*x - 25. Let a(v) = 2*h(v) + k(v). Is a(3) a composite number?
True
Suppose 4*w = -3*q + 223289, 2*q - 172648 = -w - 23792. Is q a composite number?
True
Suppose 207751 = 1783*k - 1759*k + 12223. Is k prime?
True
Let g = 35 + -32. Let y be 4 + 1 - (g - -4). Is (-35317)/(-7) - y/(-7) composite?
True
Let o(t) = 73307*t - 136. Let v be o(15). Is v/105 - 10/75 prime?
False
Suppose 2*n = 3*d + 4, -2*d + 3*n = 2*n + 1. Suppose 3*q + 2486 = -5*x + 18216, -12582 = -4*x - d*q. Suppose -4*z + x = 3*z. Is z prime?
True
Let w(m) = -m**2 + 5*m - 5. Let l be w(2). Is ((0 - 9/3) + 1804)*l a composite number?
False
Let a be 3/((-5)/(-8805)*-3). Is (2/6)/((-1)/a) a composite number?
False
Let i(n) = 42 - 6 - 442*n + 6 - 36*n. Is i(-32) a prime number?
False
Let m = 12296 - 5461. Is m a prime number?
False
Let h(n) be the second derivative of n**5/20 - 23*n**4/12 - n**3/2 - 31*n**2/2 - 16*n. Is h(24) prime?
False
Let n be 0 - (2 + 0)*-1. Let a be 1094832/(-10) + ((-144)/30)/6. Is n + (-6)/27 + a/(-36) composite?
True
Suppose 2*v - 679987 - 282566 = -268231. Is v a composite number?
False
Let z(i) = -17695*i + 9249. Is z(-18) composite?
True
Let c be ((-22)/12 - (21 - 23))*-6. Let n(g) = -10827*g**2 + 7*g - 2. Let d(o) = -5414*o**2 + 4*o - 1. Let y(w) = 7*d(w) - 4*n(w). Is y(c) a prime number?
False
Suppose s = 4*u - 7*u + 23595, 5*s + 3*u = 117963. Suppose 15*w + 9*w = s. Is w a prime number?
True
Let q(m) = 29*m**2 + 29*m - 5. Suppose 0 = 6*g - 478 + 598. Is q(g) a composite number?
True
Let a(c) = -1552*c + 10. Let t be a(-3). Is t/(-4)*30/(-15) a composite number?
False
Let c(m) = 896*m - 23. Let b be c(-8). Let g = -1918 - b. Is g a composite number?
False
Let v be 14/(-77) + 3*(-134296)/(-132). Suppose k - 1146 = 5*q, 4*q + v = -4*k + 7660. Is k a composite number?
False
Suppose -1671744 = -5*s + n, -5*s - n = -348736 - 1323010. Is s a composite number?
False
Let a(r) = -1063*r - 596. Is a(-91) prime?
True
Suppose 0 = 33*u + 28*u - 2492887. Is u a composite number?
False
Let d = -72298 - -199665. Is d a composite number?
True
Suppose 579*i - 570*i = 395643 - 113070. Is i composite?
False
Suppose